What is the millions digit of 9967193?
9
What is the hundred millions digit of 295868867?
2
What is the hundred millions digit of 127051896?
1
What is the hundred thousands digit of 130986158?
9
What is the ten thousands digit of 65047566?
4
What is the tens digit of 34118145?
4
What is the tens digit of 11252627?
2
What is the hundreds digit of 558449854?
8
What is the thousands digit of 4561933380?
3
What is the tens digit of 41780191?
9
What is the thousands digit of 1679629364?
9
What is the ten thousands digit of 732917967?
1
What is the thousands digit of 565421457?
1
What is the hundreds digit of 64383648?
6
What is the thousands digit of 70511827?
1
What is the units digit of 2991918514?
4
What is the hundreds digit of 1512043994?
9
What is the ten thousands digit of 645311052?
1
What is the hundred millions digit of 897453275?
8
What is the ten thousands digit of 86808826?
0
What is the hundreds digit of 2190116?
1
What is the thousands digit of 325882778?
2
What is the hundred thousands digit of 356640496?
6
What is the tens digit of 219509268?
6
What is the tens digit of 232116217?
1
What is the hundred millions digit of 149736222?
1
What is the ten thousands digit of 125013341?
1
What is the ten millions digit of 203233852?
0
What is the ten thousands digit of 2312362040?
6
What is the thousands digit of 323688563?
8
What is the hundreds digit of 44877285?
2
What is the ten thousands digit of 62191396?
9
What is the millions digit of 137433508?
7
What is the ten thousands digit of 44576868?
7
What is the hundred thousands digit of 33477497?
4
What is the ten millions digit of 68287385?
6
What is the ten thousands digit of 81079201?
7
What is the ten thousands digit of 189478632?
7
What is the tens digit of 173721344?
4
What is the billions digit of 1613274781?
1
What is the hundreds digit of 99384754?
7
What is the hundred thousands digit of 3582047795?
0
What is the thousands digit of 651146925?
6
What is the ten thousands digit of 3278878513?
7
What is the hundred thousands digit of 84454040?
4
What is the thousands digit of 43955890?
5
What is the hundreds digit of 218680068?
0
What is the ten millions digit of 1192060082?
9
What is the ten millions digit of 424118332?
2
What is the units digit of 228675986?
6
What is the units digit of 105245404?
4
What is the tens digit of 250014871?
7
What is the ten thousands digit of 65612799?
1
What is the hundred thousands digit of 4426260315?
2
What is the hundred millions digit of 3602484719?
6
What is the tens digit of 22466678?
7
What is the thousands digit of 408829222?
9
What is the tens digit of 12932412?
1
What is the thousands digit of 57128756?
8
What is the hundred thousands digit of 810403064?
4
What is the units digit of 404107143?
3
What is the hundred millions digit of 318643583?
3
What is the hundreds digit of 8403152?
1
What is the hundreds digit of 111135973?
9
What is the ten thousands digit of 605801532?
0
What is the hundreds digit of 3708840054?
0
What is the ten thousands digit of 1610761635?
6
What is the thousands digit of 2580492318?
2
What is the ten thousands digit of 473200659?
0
What is the thousands digit of 1355225851?
5
What is the units digit of 84183871?
1
What is the hundred millions digit of 115376241?
1
What is the hundreds digit of 3555400243?
2
What is the thousands digit of 10818228?
8
What is the units digit of 114761383?
3
What is the millions digit of 57499912?
7
What is the hundred millions digit of 252346973?
2
What is the thousands digit of 151472388?
2
What is the millions digit of 9388083?
9
What is the hundreds digit of 8361704?
7
What is the millions digit of 422867829?
2
What is the ten millions digit of 72958600?
7
What is the hundred thousands digit of 35300294?
3
What is the millions digit of 56991894?
6
What is the units digit of 39685415?
5
What is the ten thousands digit of 1064000241?
0
What is the ten thousands digit of 275881332?
8
What is the thousands digit of 3000990966?
0
What is the hundred thousands digit of 6358567136?
5
What is the thousands digit of 5960897?
0
What is the hundred thousands digit of 1230992966?
9
What is the tens digit of 47538539?
3
What is the thousands digit of 158767315?
7
What is the hundred millions digit of 1711062743?
7
What is the units digit of 736848541?
1
What is the tens digit of 314649472?
7
What is the tens digit of 121171685?
8
What is the hundreds digit of 3832434991?
9
What is the ten thousands digit of 1063208884?
0
What is the ten thousands digit of 4439829?
3
What is the hundred millions digit of 1090462057?
0
What is the thousands digit of 137636369?
6
What is the hundred millions digit of 3462387033?
4
What is the units digit of 897645441?
1
What is the hundred thousands digit of 1103754165?
7
What is the hundred thousands digit of 183935065?
9
What is the units digit of 11196814?
4
What is the hundreds digit of 3494931197?
1
What is the hundreds digit of 84486355?
3
What is the ten millions digit of 89763212?
8
What is the millions digit of 660098596?
0
What is the units digit of 228332698?
8
What is the millions digit of 215700079?
5
What is the hundred thousands digit of 103118286?
1
What is the hundreds digit of 200120377?
3
What is the tens digit of 29667904?
0
What is the thousands digit of 3511571602?
1
What is the hundreds digit of 213940874?
8
What is the millions digit of 13753346?
3
What is the billions digit of 1226099899?
1
What is the billions digit of 1769806528?
1
What is the ten thousands digit of 16175556?
7
What is the millions digit of 25009872?
5
What is the billions digit of 3043007469?
3
What is the ten thousands digit of 325204215?
0
What is the tens digit of 44458896?
9
What is the hundreds digit of 2167918958?
9
What is the hundred millions digit of 900080652?
9
What is the millions digit of 64716320?
4
What is the tens digit of 365908978?
7
What is the ten thousands digit of 24171337?
7
What is the hundreds digit of 12175004?
0
What is the ten thousands digit of 47590275?
9
What is the millions digit of 26696014?
6
What is the hundred millions digit of 270060401?
2
What is the tens digit of 375449035?
3
What is the hundreds digit of 22705954?
9
What is the hundreds digit of 597145404?
4
What is the ten millions digit of 22016292?
2
What is the hundreds digit of 116554337?
3
What is the ten millions digit of 121349657?
2
What is the tens digit of 194926903?
0
What is the hundred millions digit of 2356327043?
3
What is the tens digit of 50711308?
0
What is the ten thousands digit of 593334550?
3
What is the hundred thousands digit of 1467902791?
9
What is the units digit of 1797594906?
6
What is the hundreds digit of 220085228?
2
What is the millions digit of 163585635?
3
What is the thousands digit of 1353641?
3
What is the millions digit of 3556082234?
6
What is the thousands digit of 47931668?
1
What is the hundred thousands digit of 631758565?
7
What is the millions digit of 206951608?
6
What is the millions digit of 778743278?
8
What is the hundred millions digit of 459421002?
4
What is the ten thousands digit of 137820277?
2
What is the hundred thousands digit of 2589266513?
2
What is the millions digit of 4119553409?
9
What is the thousands digit of 110448315?
8
What is the hundred millions digit of 141381134?
1
What is the hundred thousands digit of 885866539?
8
What is the hundred thousands digit of 2538573658?
5
What is the ten millions digit of 1682869251?
8
What is the hundreds digit of 227533691?
6
What is the hundred thousands digit of 19211721?
2
What is the hundred millions digit of 2686263328?
6
What is the millions digit of 1924041711?
4
What is the hundreds digit of 5155969667?
6
What is the hundred millions digit of 1156657188?
1
What is the hundreds digit of 876118291?
2
What is the hundred thousands digit of 90058992?
0
What is the ten thousands digit of 5504270989?
7
What is the thousands digit of 484829833?
9
What is the tens digit of 50828174?
7
What is the ten millions digit of 44126940?
4
What is the thousands digit of 83946212?
6
What is the hundreds digit of 59413274?
2
What is the thousands digit of 29103246?
3
What is the ten thousands digit of 2326874253?
7
What is the thousands digit of 128192056?
2
What is the thousand